d by 18.
11
Calculate the remainder when 132 is divided by 12.
0
What is the remainder when 438 is divided by 91?
74
Calculate the remainder when 201 is divided by 54.
39
What is the remainder when 345 is divided by 35?
30
What is the remainder when 152 is divided by 46?
14
What is the remainder when 794 is divided by 50?
44
What is the remainder when 379 is divided by 377?
2
What is the remainder when 863 is divided by 212?
15
Calculate the remainder when 996 is divided by 112.
100
Calculate the remainder when 2249 is divided by 243.
62
Calculate the remainder when 302 is divided by 95.
17
What is the remainder when 549 is divided by 541?
8
Calculate the remainder when 107 is divided by 4.
3
What is the remainder when 9047 is divided by 232?
231
Calculate the remainder when 99 is divided by 40.
19
Calculate the remainder when 96 is divided by 72.
24
What is the remainder when 118 is divided by 15?
13
What is the remainder when 150 is divided by 61?
28
Calculate the remainder when 3293 is divided by 6.
5
Calculate the remainder when 7758 is divided by 97.
95
What is the remainder when 306 is divided by 28?
26
What is the remainder when 413 is divided by 83?
81
Calculate the remainder when 193 is divided by 28.
25
Calculate the remainder when 228 is divided by 91.
46
Calculate the remainder when 751 is divided by 186.
7
What is the remainder when 502 is divided by 42?
40
Calculate the remainder when 834 is divided by 61.
41
What is the remainder when 1622 is divided by 29?
27
Calculate the remainder when 1374 is divided by 231.
219
What is the remainder when 1096 is divided by 50?
46
Calculate the remainder when 285 is divided by 58.
53
What is the remainder when 3933 is divided by 1962?
9
Calculate the remainder when 2021 is divided by 45.
41
What is the remainder when 23 is divided by 13?
10
Calculate the remainder when 85 is divided by 30.
25
Calculate the remainder when 3285 is divided by 62.
61
Calculate the remainder when 7369 is divided by 21.
19
What is the remainder when 3567 is divided by 26?
5
Calculate the remainder when 517 is divided by 105.
97
What is the remainder when 5267 is divided by 85?
82
What is the remainder when 719 is divided by 191?
146
What is the remainder when 1225 is divided by 7?
0
What is the remainder when 581 is divided by 62?
23
What is the remainder when 7611 is divided by 44?
43
Calculate the remainder when 1076 is divided by 22.
20
Calculate the remainder when 1430 is divided by 163.
126
Calculate the remainder when 214 is divided by 23.
7
Calculate the remainder when 136 is divided by 82.
54
Calculate the remainder when 42 is divided by 17.
8
Calculate the remainder when 23297 is divided by 27.
23
Calculate the remainder when 977 is divided by 138.
11
Calculate the remainder when 153 is divided by 25.
3
What is the remainder when 309 is divided by 33?
12
Calculate the remainder when 2463 is divided by 102.
15
What is the remainder when 3558 is divided by 89?
87
What is the remainder when 72 is divided by 48?
24
What is the remainder when 37 is divided by 2?
1
What is the remainder when 924 is divided by 296?
36
Calculate the remainder when 3652 is divided by 215.
212
What is the remainder when 13 is divided by 11?
2
What is the remainder when 822 is divided by 221?
159
What is the remainder when 829 is divided by 64?
61
What is the remainder when 589 is divided by 61?
40
Calculate the remainder when 69 is divided by 42.
27
What is the remainder when 443 is divided by 38?
25
What is the remainder when 494 is divided by 161?
11
Calculate the remainder when 476 is divided by 149.
29
Calculate the remainder when 97 is divided by 31.
4
What is the remainder when 607 is divided by 302?
3
What is the remainder when 1006 is divided by 983?
23
Calculate the remainder when 46 is divided by 34.
12
What is the remainder when 50 is divided by 28?
22
Calculate the remainder when 9629 is divided by 14.
11
What is the remainder when 442 is divided by 47?
19
Calculate the remainder when 373 is divided by 8.
5
What is the remainder when 643 is divided by 27?
22
What is the remainder when 239 is divided by 16?
15
What is the remainder when 752 is divided by 19?
11
What is the remainder when 400 is divided by 193?
14
What is the remainder when 669 is divided by 24?
21
Calculate the remainder when 230 is divided by 32.
6
What is the remainder when 317 is divided by 60?
17
What is the remainder when 192 is divided by 5?
2
What is the remainder when 6046 is divided by 21?
19
Calculate the remainder when 759 is divided by 76.
75
What is the remainder when 289 is divided by 71?
5
What is the remainder when 67 is divided by 56?
11
Calculate the remainder when 598 is divided by 12.
10
Calculate the remainder when 149 is divided by 47.
8
What is the remainder when 4096 is divided by 41?
37
Calculate the remainder when 183 is divided by 99.
84
What is the remainder when 320 is divided by 288?
32
Calculate the remainder when 49 is divided by 29.
20
Calculate the remainder when 291 is divided by 233.
58
What is the remainder when 377 is divided by 10?
7
Calculate the remainder when 166 is divided by 20.
6
What is the remainder when 103 is divided by 28?
19
What is the remainder when 97 is divided by 78?
19
What is the remainder when 1635 is divided by 234?
231
What is the remainder when 1645 is divided by 33?
28
Calculate the remainder when 93 is divided by 33.
27
Calculate the remainder when 329 is divided by 33.
32
What is the remainder when 349 is divided by 44?
41
What is the remainder when 82 is divided by 66?
16
What is the remainder when 2236 is divided by 88?
36
Calculate the remainder when 561 is divided by 55.
11
Calculate the remainder when 2448 is divided by 488.
8
What is the remainder when 373 is divided by 25?
23
What is the remainder when 179 is divided by 13?
10
What is the remainder when 48 is divided by 34?
14
Calculate the remainder when 410 is divided by 61.
44
What is the remainder when 131 is divided by 45?
41
What is the remainder when 2583 is divided by 162?
153
Calculate the remainder when 681 is divided by 82.
25
Calculate the remainder when 159 is divided by 22.
5
What is the remainder when 337 is divided by 116?
105
What is the remainder when 2153 is divided by 4?
1
What is the remainder when 144 is divided by 38?
30
Calculate the remainder when 375 is divided by 42.
39
Calculate the remainder when 2458 is divided by 815.
13
What is the remainder when 1119 is divided by 32?
31
Calculate the remainder when 790 is divided by 21.
13
What is the remainder when 238 is divided by 107?
24
Calculate the remainder when 461 is divided by 7.
6
What is the remainder when 1246 is divided by 29?
28
Calculate the remainder when 178 is divided by 26.
22
Calculate the remainder when 447 is divided by 95.
67
What is the remainder when 235 is divided by 35?
25
Calculate the remainder when 315 is divided by 109.
97
What is the remainder when 404 is divided by 110?
74
Calculate the remainder when 3939 is divided by 146.
143
Calculate the remainder when 350 is divided by 100.
50
Calculate the remainder when 370 is divided by 128.
114
Calculate the remainder when 987 is divided by 158.
39
Calculate the remainder when 3875 is divided by 204.
203
What is the remainder when 288 is divided by 84?
36
What is the remainder when 142 is divided by 24?
22
Calculate the remainder when 437 is divided by 280.
157
Calculate the remainder when 85 is divided by 37.
11
What is the remainder when 370 is divided by 133?
104
What is the remainder when 7149 is divided by 14?
9
Calculate the remainder when 608 is divided by 6.
2
What is the remainder when 416 is divided by 23?
2
What is the remainder when 969 is divided by 4?
1
What is the remainder when 9407 is divided by 14?
13
What is the remainder when 220 is divided by 37?
35
Calculate the remainder when 2111 is divided by 4.
3
Calculate the remainder when 758 is divided by 8.
6
Calculate the remainder when 1042 is divided by 153.
124
Calculate the remainder when 38657 is divided by 102.
101
Calculate the remainder when 130 is divided by 94.
36
Calculate the remainder when 70 is divided by 12.
10
What is the remainder when 1955 is divided by 40?
35
What is the remainder when 411 is divided 